16
Let a(k) = 133777*k + 401302. What is a(-3)?
-29
Let v(u) = -623*u + 4957. What is v(7)?
596
Let s(z) = z**2 + 2227*z - 58572. Determine s(26).
6
Let p(i) = 18*i**2 - 2766*i + 7205. What is p(151)?
-43
Let y(i) = -9*i**3 + 356*i**2 + 165*i - 41. Give y(40).
159
Let p(d) = 65*d + 2857. Give p(-39).
322
Let t(o) = 22*o**2 - 81*o - 339. What is t(7)?
172
Let f(m) = m**3 + 73392*m**2 - m + 20. Calculate f(0).
20
Let n(m) = 28*m**2 - 2864*m + 70507. What is n(61)?
-9
Let q(t) = -2349*t + 4512. Calculate q(2).
-186
Let z(q) = 31015*q + 589279. Give z(-19).
-6
Let w(b) = -b**3 + 19*b**2 - 58*b + 57. Calculate w(4).
65
Let r(p) = 4*p**2 + 52277*p + 156825. What is r(-3)?
30
Let m(w) = w**2 + 322*w + 25431. Calculate m(-186).
135
Let u(g) = 11182*g + 480829. Give u(-43).
3
Let r(v) = -21903*v - 3745445. Calculate r(-171).
-32
Let l(v) = -25*v**3 - 8*v**2 - 35*v - 71. Calculate l(-2).
167
Let h(s) = -33*s**2 + 7291*s + 368. Determine h(221).
-74
Let z(m) = 3340*m - 571017. Calculate z(171).
123
Let v(z) = 103*z**2 + 61251*z - 81662. What is v(-596)?
-10
Let y(k) = -5*k**2 - 310*k - 3101. Calculate y(-50).
-101
Let n(t) = -8*t**3 - 285*t**2 + 137*t + 1091. What is n(-36)?
47
Let z(i) = i**3 - 60*i**2 + 871*i + 23. Give z(28).
-677
Let m(g) = -728877*g + 8746525. Calculate m(12).
1
Let q(k) = -5*k**3 + 19*k - 24. What is q(-2)?
-22
Let f(k) = k**3 + 79*k**2 + 21*k + 1262. Give f(-79).
-397
Let z(s) = -177*s - 304. Give z(-7).
935
Let c(o) = -43*o**2 - 887*o + 4474. Calculate c(5).
-1036
Let v(z) = 10*z**2 - 601*z - 7735. Give v(71).
4
Let z(b) = -13*b + 73. Calculate z(1).
60
Let q(z) = 5127*z**2 + 5031*z + 9. Calculate q(-1).
105
Let x(p) = p**3 - 573*p**2 + 19336*p - 2143. What is x(537)?
5
Let x(u) = -2887*u**2 + 46280*u - 1405. Determine x(16).
3
Let g(c) = 16453*c - 2895703. Determine g(176).
25
Let s(i) = -166*i**3 + 2661*i**2 - 80*i + 10. Give s(16).
10
Let t(w) = -1597*w + 25031. Determine t(16).
-521
Let b(a) = 8307*a + 7983. Determine b(-1).
-324
Let d(r) = 5*r**2 + 779*r + 17822. What is d(-128)?
30
Let w(u) = 2*u**2 + 111*u + 165. Give w(-52).
-199
Let h(l) = 44*l**2 - 847*l - 842. What is h(-1)?
49
Let k(u) = -1583*u - 14278. What is k(-9)?
-31
Let o(i) = -i**3 - 17*i**2 + 769*i + 795. Give o(-37).
-278
Let b(l) = 4*l**2 - 175*l - 666. Calculate b(-4).
98
Let s(c) = -362*c + 137459. Give s(379).
261
Let i(u) = 3*u**3 + 278*u**2 - 694*u - 2769. Give i(-95).
-14
Let q(o) = o**2 + 628*o - 304592. Give q(321).
37
Let k(g) = 53892*g - 269369. Determine k(5).
91
Let m(x) = -11*x**2 + 65*x + 62. What is m(10)?
-388
Let j(h) = -3770*h + 49048. Determine j(13).
38
Let g(u) = 296*u - 5488. What is g(15)?
-1048
Let g(p) = p**3 - 2*p**2 - 261*p + 1734. Give g(10).
-76
Let w(d) = -14*d**2 - 8252*d - 19977. Calculate w(-587).
-19
Let d(s) = 4*s**3 + 2*s**2 - 11*s + 806. Calculate d(0).
806
Let r(k) = 151063*k + 1510645. Calculate r(-10).
15
Let y(t) = -4419*t - 18093. Give y(-4).
-417
Let z(s) = -1025*s - 842. Calculate z(3).
-3917
Let o(g) = -66*g**2 + 7588*g + 38. Give o(115).
-192
Let q(f) = -3*f**2 + 141*f - 467. What is q(45)?
-197
Let x(g) = -10*g**3 + 10*g**2 - 10*g - 13. Determine x(4).
-533
Let y(d) = -d**2 - 193*d - 9135. Give y(-88).
105
Let u(c) = -12*c**2 - 1435*c + 7181. Give u(5).
-294
Let o(b) = -8*b + 69. Give o(22).
-107
Let q(b) = -b**2 + 696*b - 16389. Calculate q(25).
386
Let j(v) = v**3 + 546*v**2 + 1422*v - 618. Give j(-3).
3
Let h(l) = -l**3 - 21*l**2 + 193*l + 852. What is h(-28)?
936
Let v(u) = 4704*u + 14967. Give v(-2).
5559
Let v(m) = 2*m**2 + 33433*m - 703017. Determine v(21).
-42
Let d(a) = -a**3 - 61*a**2 - 788*a - 52651. Calculate d(-62).
49
Let q(v) = -2*v**3 - 87*v**2 + 5*v - 978. Give q(-44).
738
Let x(k) = k**3 - 264*k**2 - 497*k - 11634. Calculate x(266).
-2324
Let y(j) = 112*j + 68. Determine y(0).
68
Let w(q) = 19*q**2 + 27075*q + 54099. Calculate w(-2).
25
Let r(y) = 30*y**3 + 3876*y**2 + 783*y + 1114. Calculate r(-129).
-47
Let k(u) = -8*u**2 + 4891*u - 19422. What is k(4)?
14
Let b(s) = -s**3 + 136*s**2 - 37*s + 5088. What is b(136)?
56
Let o(d) = 2*d**2 + 12*d - 39161. What is o(137)?
21
Let y(j) = -2583*j + 2063784. Calculate y(799).
-33
Let m(z) = 286*z**2 - 4583*z - 4746. Calculate m(17).
-3
Let g(p) = 702*p**3 - 4*p**2 + 419*p - 823. Calculate g(2).
5615
Let d(o) = 27*o**3 - 7*o**2 - 26*o - 108. Calculate d(-4).
-1844
Let c(l) = 130*l - 4107. Calculate c(31).
-77
Let q(f) = 13*f**3 + 4*f**2 + 17*f - 54. Give q(4).
910
Let f(m) = -m**2 - 26170*m + 418956. What is f(16)?
-20
Let h(r) = -70*r - 3737. Calculate h(-52).
-97
Let v(c) = 2*c**3 - 261*c**2 + 7710*c + 2962. Calculate v(46).
18
Let c(s) = 44*s + 1063. What is c(-16)?
359
Let o(t) = -87*t + 1411. Determine o(7).
802
Let z(v) = 41070*v - 1601737. Calculate z(39).
-7
Let c(p) = -2*p**3 + 529*p**2 - 25677*p + 848. What is c(64)?
16
Let w(d) = -d**2 + 2433*d - 1012767. Determine w(533).
-67
Let y(v) = 18491*v - 147949. What is y(8)?
-21
Let a(b) = -b**3 + 52*b**2 + 401*b - 9760. Determine a(56).
152
Let g(f) = -11*f**3 + 206*f**2 - 132*f + 3574. What is g(19)?
-17
Let o(z) = -2664*z**2 + 37265*z + 428. Determine o(14).
-6
Let u(s) = -2*s**3 + 38*s**2 + 371*s + 200. Give u(26).
382
Let o(p) = p**2 + 17421*p + 643215. Calculate o(-37).
7
Let i(m) = -1235*m + 92472. Determine i(75).
-153
Let c(b) = -26625*b + 1038374. Calculate c(39).
-1
Let x(s) = -1022*s - 4850. Calculate x(-9).
4348
Let z(o) = 16*o**2 + 235*o + 1164. Determine z(-5).
389
Let d(h) = -h**3 - 7*h**2 - 444*h - 24. Give d(0).
-24
Let h(f) = -f**2 + 876*f + 6178. Give h(-7).
-3
Let n(t) = 489*t + 7049. Determine n(-10).
2159
Let o(m) = -3*m**3 - 118*m**2 - 790*m - 36. Determine o(-7).
741
Let c(r) = 1381*r + 219578. Give c(-159).
-1
Let h(p) = -2410*p + 53027. What is h(22)?
7
Let u(g) = -3*g**2 - 228*g - 3485. Calculate u(-21).
-20
Let u(t) = 9890*t - 15220717. Give u(1539).
-7
Let b(z) = -24134*z - 796638. Determine b(-33).
-216
Let l(w) = -26491*w - 556306. Give l(-21).
5
Let x(d) = -58864*d - 117730. What is x(-2)?
-2
Let f(t) = -22*t**2 - 2855*t + 634. What is f(-130)?
-16
Let g(w) = -7018*w + 70204. Give g(10).
24
Let w(r) = 669914*r - 2679658. What is w(4)?
-2
Let w(q) = -10*q**2 + 26246*q - 26247. What is w(1)?
-11
Let p(j) = -j**3 + 848*j**2 - 6716*j - 18. Give p(8).
14
Let t(h) = -16944*h + 152651. Give t(9).
155
Let t(f) = -87*f**3 - 767*f**2 + 159*f + 145. Calculate t(-9).
10
Let a(o) = o**3 - 159*o**2 + 1074*o - 1526. What is a(152)?
-6
Let w(i) = -218*i**2 + 78*i + 241. Give w(-4).
-3559
Let d(l) = -l**3 - 281*l**2 + 6350*l + 2280. Give d(-302).
-136
Let x(q) = -2*q**2 - 370*q - 13389. Give x(-124).
1739
Let d(a) = 2*a**2 + 3629*a + 186711. Determine d(-53).
-8
Let l(f) = -1707*f - 5406. What is l(-3)?
-285
Let d(g) = g**2 - 132*g + 984. Give d(25).
-1691
Let p(x) = 6*x**3 + 196*x**2 - 1948*x - 52. Determine p(8).
-20
Let j(m) = 32*m**3 + m**2 + 37*m - 83. Calculate j(2).
251
Let b(r) = -25*r**2 + 557*r + 4180. Give b(-6).
-62
Let y(b) = -2*b**2 - 282*b - 2866. Calculate y(-129).
230
Let d(p) = p**3 - 41*p**2 - 55*p - 110. Give d(42).
-656
Let t(j) = 1187*j - 2086. Give t(2).
288
Let x(l) = l**3 - 1322*l**2 - 4338*l + 480984. What is x(1325)?
9
Let g(d) = -9298*d - 362329. What is g(-39)?
293
Let u(g) = -63*g**3 - 454*g - 1363. Determine u(-3).
1700
Let u(h) = 4*h**3 + 84*h**2 + 438*h + 75. Determine u(-5).
-515
Let s(t) = 66*t - 2486. Calculate s(35).
-176
Let f(z) = -2*z + 75. Calculate f(-13).
101
Let w(u) = 277*u**2 - 1452*u + 455. Calculate w(5).
120
Let f(b) = -65283*b - 8486788. Calculate f(-130).
2
Let d(b) = -2*b**2 + 231*b - 1138. Calculate d(105).
1067
Let p(i) = 2*i**3 + 142*i**2 - 3814*i - 1043. What is p(21)?
7
Let j(p) = 12*p**3 + 372*p**2 - 42*p - 1352. Determine j(-31).
-50
Let a(v) = -3*v**2 - 6054*v - 30187. What is a(-5)?
8
Let h(j) = -1546*j + 8155. What is h(6)?
-1121
Let t(d) = -88*d**2 + 1770*d + 13789. Give t(-6).
1
Let m(p) = p**3 + 305*p**2 + 1488*p - 1853. Calculate m(-300).
1747
Let i(h) = -110*h**3 - 61*h**2 - 125*h + 1. Determine i(-2).
887
Let z(x) = x**3 + 8*x**2 + 20*x - 770. Calculate z(0).
-770
Let l(q) = 3*q**2 - 31562*q + 126221. Determine l(4).
21
Let x(s) = 53*s**3 + 17*s**2 - 17*s + 3. Determine x(1).
56
Let t(x) = -x**3 + 36*x**2 - 54